{"id":129,"date":"2024-11-21T09:57:08","date_gmt":"2024-11-21T09:57:08","guid":{"rendered":"https:\/\/fischereivereinleingarten.de\/?page_id=129"},"modified":"2024-11-21T16:59:07","modified_gmt":"2024-11-21T16:59:07","slug":"datenschutz","status":"publish","type":"page","link":"https:\/\/fischereivereinleingarten.de\/?page_id=129","title":{"rendered":"Datenschutz"},"content":{"rendered":"\n<div class=\"wp-block-group alignfull has-background-background-color has-background has-global-padding is-layout-constrained wp-container-core-group-is-layout-7276a2bb wp-block-group-is-layout-constrained\" style=\"margin-top:0;margin-bottom:0;padding-top:var(--wp--preset--spacing--60);padding-right:var(--wp--preset--spacing--30);padding-bottom:var(--wp--preset--spacing--60);padding-left:var(--wp--preset--spacing--30)\">\n<div class=\"wp-block-group alignwide is-content-justification-space-between is-layout-flex wp-container-core-group-is-layout-9366075c wp-block-group-is-layout-flex\">\n<div class=\"wp-block-group has-global-padding is-layout-constrained wp-block-group-is-layout-constrained\">\n<p style=\"margin-top:16px\"><strong>Datenschutzerkl\u00e4rung<\/strong>:<\/p>\n\n\n\n<p>Wir, der Fischereiverein Leingarten e.V., nehmen den Schutz Ihrer pers\u00f6nlichen Daten sehr ernst und halten uns streng an alle geltenden Gesetze und Vorschriften zum Datenschutz, insbesondere an die Datenschutzgrundverordnung (DSGVO), das Bundesdatenschutzgesetz (BDSG) und das Telemediengesetz (TMG). Die folgenden Erl\u00e4uterungen geben Ihnen einen \u00dcberblick dar\u00fcber, wie wir diesen Schutz sicherstellen und welche Daten wir zu welchem Zweck verarbeiten.<\/p>\n\n\n\n<h3 class=\"wp-block-heading\">Name und Kontaktdaten des Verantwortlichen<\/h3>\n\n\n\n<p>Diese Datenschutzerkl\u00e4rung informiert \u00fcber die Verarbeitung personenbezogener Daten auf der Webseite des Fischereiverein Leingarten e.V.<\/p>\n\n\n\n<p><strong>Verantwortlicher im Sinne der Datenschutzgesetze, insbesondere der EU Datenschutzgrundverordnung (DSGVO), ist:<\/strong><\/p>\n\n\n\n<p>Fischereiverein Leingarten e.V.<br>Andreas Schuster<br>Egerlandstra\u00dfe 3<br>74211 Leingarten<br>Deutschland<\/p>\n\n\n\n<p><strong>Vertreten durch:<\/strong><br>Den Vorstand des Fischereivereins Leingarten e.V.<\/p>\n\n\n\n<p><strong>Kontakt:<\/strong><br>Telefon: 07131 404490<br>E-Mail:&nbsp;<a>fischereiverein.leingarten@gmx.de<\/a><\/p>\n\n\n\n<h3 class=\"wp-block-heading\">Begriffsbestimmungen<\/h3>\n\n\n\n<p>Unter personenbezogenen Daten sind alle Informationen, die sich auf eine identifizierte oder identifizierbare nat\u00fcrliche Person beziehen, zu verstehen, wie z.B. Name, Anschrift oder E-Mail-Adresse.<\/p>\n\n\n\n<p>\u2026<\/p>\n\n\n\n<h3 class=\"wp-block-heading\">Umfang und Zweck der Verarbeitung personenbezogener Daten<\/h3>\n\n\n\n<h4 class=\"wp-block-heading\">3.1. Aufruf der Webseite<\/h4>\n\n\n\n<p>Beim Aufruf unserer Webseite werden durch den Internet-Browser des Besuchers automatisch Daten an den Server unserer Webseite gesendet und tempor\u00e4r in einer Protokolldatei (Logfile) gespeichert. Bis zur automatischen L\u00f6schung werden nachstehende Daten ohne weitere Eingabe des Besuchers gespeichert:<\/p>\n\n\n\n<ul class=\"wp-block-list\">\n<li>IP-Adresse des Endger\u00e4ts des Besuchers,<\/li>\n\n\n\n<li>Datum und Uhrzeit des Zugriffs,<\/li>\n\n\n\n<li>Name und URL der vom Besucher aufgerufenen Seite.<\/li>\n<\/ul>\n\n\n\n<p>Die Verarbeitung dieser personenbezogenen Daten ist gem\u00e4\u00df Art. 6 Abs. 1 Satz 1 Buchst. f) DSGVO gerechtfertigt. Der Fischerei Verein Leingarten hat ein berechtigtes Interesse an der Datenverarbeitung zu dem Zweck:<\/p>\n\n\n\n<ul class=\"wp-block-list\">\n<li>die Verbindung zur Webseite z\u00fcgig aufzubauen,<\/li>\n\n\n\n<li>eine nutzerfreundliche Anwendung der Webseite zu erm\u00f6glichen,<\/li>\n\n\n\n<li>die Sicherheit und Stabilit\u00e4t der Systeme zu erkennen und zu gew\u00e4hrleisten,<\/li>\n\n\n\n<li>die Administration der Webseite zu erleichtern und zu verbessern.<\/li>\n<\/ul>\n\n\n\n<p>Die Verarbeitung erfolgt ausdr\u00fccklich nicht zu dem Zweck, Erkenntnisse \u00fcber die Person des Besuchers der Webseite zu gewinnen.<\/p>\n\n\n\n<h3 class=\"wp-block-heading\">Weitergabe von Daten<\/h3>\n\n\n\n<p>Personenbezogene Daten werden an Dritte \u00fcbermittelt, wenn:<\/p>\n\n\n\n<ul class=\"wp-block-list\">\n<li>nach Art. 6 Abs. 1 Satz 1 Buchst. a) DSGVO durch die betroffene Person ausdr\u00fccklich dazu eingewilligt wurde,<\/li>\n\n\n\n<li>die Weitergabe nach Art. 6 Abs. 1 Satz 1 Buchst. f) DSGVO zur Geltendmachung, Aus\u00fcbung oder Verteidigung von Rechtsanspr\u00fcchen erforderlich ist und kein Grund zur Annahme besteht, dass die betroffene Person ein \u00fcberwiegendes schutzw\u00fcrdiges Interesse an der Nichtweitergabe ihrer Daten hat,<\/li>\n\n\n\n<li>f\u00fcr die Daten\u00fcbermittlung nach Art. 6 Abs. 1 Satz 1 Buchst. c) DSGVO eine gesetzliche Verpflichtung besteht, und\/oder<\/li>\n\n\n\n<li>dies nach Art. 6 Abs. 1 Satz 1 Buchst. b) DSGVO f\u00fcr die Erf\u00fcllung eines Vertragsverh\u00e4ltnisses mit der betroffenen Person erforderlich ist.<\/li>\n<\/ul>\n\n\n\n<p>In anderen F\u00e4llen werden personenbezogene Daten nicht an Dritte weitergegeben.<\/p>\n\n\n\n<h3 class=\"wp-block-heading\">Cookies<\/h3>\n\n\n\n<p>\u2026<\/p>\n\n\n\n<h3 class=\"wp-block-heading\">Ihre Rechte als betroffene Person<\/h3>\n\n\n\n<p>Soweit Ihre personenbezogenen Daten anl\u00e4sslich des Besuchs unserer Webseite verarbeitet werden, stehen Ihnen als \u201ebetroffene Person\u201c im Sinne der DSGVO folgende Rechte zu:<\/p>\n\n\n\n<ul class=\"wp-block-list\">\n<li><strong>Auskunft<\/strong><\/li>\n\n\n\n<li><strong>Berichtigung und Vervollst\u00e4ndigung<\/strong><\/li>\n\n\n\n<li><strong>L\u00f6schung<\/strong><\/li>\n\n\n\n<li><strong>Einschr\u00e4nkung der Verarbeitung<\/strong><\/li>\n\n\n\n<li><strong>Daten\u00fcbertragbarkeit<\/strong><\/li>\n\n\n\n<li><strong>Widerspruch<\/strong><\/li>\n\n\n\n<li><strong>Widerruf einer Einwilligung<\/strong><\/li>\n\n\n\n<li><strong>Beschwerde<\/strong><\/li>\n<\/ul>\n\n\n\n<p>Ihr Auskunftsverlangen k\u00f6nnen Sie per E-Mail an unsere zu Beginn dieser Datenschutzerkl\u00e4rung aufgef\u00fchrten Kontaktdaten formlos richten.<\/p>\n\n\n\n<p>\u2026<\/p>\n\n\n\n<p style=\"margin-top:16px\"><strong>Stand und Aktualisierung dieser Datenschutzerkl\u00e4rung<\/strong><br>Diese Datenschutzerkl\u00e4rung hat den Stand vom 14.11.2024. Wir behalten uns vor, die Datenschutzerkl\u00e4rung zu gegebener Zeit zu aktualisieren, um den Datenschutz zu verbessern und\/oder an ge\u00e4nderte Beh\u00f6rdenpraxis oder Rechtsprechung anzupassen.<\/p>\n<\/div>\n\n\n\n<div class=\"wp-block-buttons is-horizontal is-content-justification-right is-layout-flex wp-container-core-buttons-is-layout-27c00227 wp-block-buttons-is-layout-flex\"><\/div>\n<\/div>\n<\/div>\n","protected":false},"excerpt":{"rendered":"<p>Datenschutzerkl\u00e4rung: Wir, der Fischereiverein Leingarten e.V., nehmen den Schutz Ihrer pers\u00f6nlichen Daten sehr ernst und halten uns streng an alle geltenden Gesetze und Vorschriften zum Datenschutz, insbesondere an die Datenschutzgrundverordnung (DSGVO), das Bundesdatenschutzgesetz (BDSG) und das Telemediengesetz (TMG). Die folgenden Erl\u00e4uterungen geben Ihnen einen \u00dcberblick dar\u00fcber, wie wir diesen Schutz sicherstellen und welche Daten wir [&hellip;]<\/p>\n","protected":false},"author":1,"featured_media":0,"parent":0,"menu_order":0,"comment_status":"closed","ping_status":"closed","template":"","meta":{"footnotes":""},"class_list":["post-129","page","type-page","status-publish","hentry"],"_links":{"self":[{"href":"https:\/\/fischereivereinleingarten.de\/index.php?rest_route=\/wp\/v2\/pages\/129","targetHints":{"allow":["GET"]}}],"collection":[{"href":"https:\/\/fischereivereinleingarten.de\/index.php?rest_route=\/wp\/v2\/pages"}],"about":[{"href":"https:\/\/fischereivereinleingarten.de\/index.php?rest_route=\/wp\/v2\/types\/page"}],"author":[{"embeddable":true,"href":"https:\/\/fischereivereinleingarten.de\/index.php?rest_route=\/wp\/v2\/users\/1"}],"replies":[{"embeddable":true,"href":"https:\/\/fischereivereinleingarten.de\/index.php?rest_route=%2Fwp%2Fv2%2Fcomments&post=129"}],"version-history":[{"count":4,"href":"https:\/\/fischereivereinleingarten.de\/index.php?rest_route=\/wp\/v2\/pages\/129\/revisions"}],"predecessor-version":[{"id":136,"href":"https:\/\/fischereivereinleingarten.de\/index.php?rest_route=\/wp\/v2\/pages\/129\/revisions\/136"}],"wp:attachment":[{"href":"https:\/\/fischereivereinleingarten.de\/index.php?rest_route=%2Fwp%2Fv2%2Fmedia&parent=129"}],"curies":[{"name":"wp","href":"https:\/\/api.w.org\/{rel}","templated":true}]}}